 = 6 - 4. Suppose 0*z + 6 = -c*z. Does 4 divide (2/z)/(2/(-24))?
True
Let a = -51 - -151. Is 25 a factor of a?
True
Suppose -5*l + l = -3*d + 512, 3*d - 548 = -5*l. Is d a multiple of 44?
True
Let r(q) be the first derivative of -13*q**2/2 - 8*q + 1. Is r(-4) a multiple of 22?
True
Is 53 a factor of (-1)/(1273/(-318) + 4)?
True
Let s = 195 + 27. Does 13 divide s?
False
Let f(q) = -22*q - 1 + 0*q + 2. Does 29 divide f(-4)?
False
Let i be 4/18 - (-33)/(-27). Let p be 0 + i - 3*-7. Suppose q = -0*q + p. Is 10 a factor of q?
True
Let b(x) = -2*x**3 - 9*x**2 + 7*x - 77. Let z be (-1 + 0)*(-6 - 1). Let k(n) = n**3 + 4*n**2 - 3*n + 39. Let f(y) = z*k(y) + 3*b(y). Is f(0) a multiple of 18?
False
Suppose 355 = n + 4*n + 5*v, 4*v = 2*n - 166. Does 25 divide n?
True
Let g = -6 + 8. Does 7 divide g - (-12 - -1 - 1)?
True
Let o = 10 - 7. Suppose -5*d - 63 = -m + 5, -5*d = o*m - 204. Suppose -m = -4*p + 5*j - 3*j, 5*j = 2*p - 42. Does 16 divide p?
True
Let c = -7 - -4. Does 18 divide 285/12 + c/(-12)?
False
Suppose -3*r = -p + 11 + 5, 4*p + 3*r = 79. Let d = -14 + p. Is d a multiple of 5?
True
Let q(g) = 4*g**2 - 13. Does 42 divide q(-7)?
False
Is 22*(0 - 2/(-4)) a multiple of 11?
True
Let t be 438/(-54) + 1/9. Let c(a) = -a + 13. Does 12 divide c(t)?
False
Let p be 8 + -4 - (1 + 0). Suppose -5*v - 25 = -5*m, -p*m + 9 + 4 = -2*v. Suppose -q + 26 = m. Is q a multiple of 13?
False
Let o(q) = -q**2 + 0*q**2 - 8*q - 4*q - 3. Suppose t = -1 - 5. Is 11 a factor of o(t)?
True
Let u = -72 + 21. Does 17 divide 32/(-12)*u/4?
True
Let s = 8 + -6. Suppose -s*l + l + 56 = 0. Is l a multiple of 14?
True
Let o(n) be the second derivative of -n**4/12 + 5*n**3/6 + n**2 + n. Does 2 divide o(4)?
True
Let n(v) = -55*v + 2. Is n(-1) a multiple of 19?
True
Let p be (4 - 1)*(-5)/(-3). Suppose 5*g = -s - 29, 3*g - 3*s + 16 = -p*s. Let z(f) = f**2 + 4*f + 7. Is 7 a factor of z(g)?
False
Is 5 a factor of (15/(-4))/((-6)/16)?
True
Suppose -2*a + 492 = -2*g, -4*a + 2*g + 397 = -593. Does 50 divide a?
False
Let q(n) = 2*n**3 - 6*n**2 + 3*n - 10. Is 14 a factor of q(4)?
False
Suppose 3*b + 0*g - 100 = 4*g, -b = 4*g - 60. Is 8 a factor of b?
True
Suppose 3*j - 75 - 15 = 0. Does 6 divide j?
True
Suppose 5*v - 5*r + 35 = 0, 5*v + 3*r = 5*r - 20. Is v/(-4)*-6 - -15 a multiple of 12?
True
Let z(x) = -3*x - 9. Let b be z(-4). Suppose -5 - 17 = -m + 2*s, 3 = b*s. Does 24 divide m?
True
Let d(a) be the first derivative of -a**2/2 - a + 1. Let o = 14 + -20. Does 2 divide d(o)?
False
Let a(c) be the first derivative of c**3/3 - 5*c**2/2 - c + 3. Let x be a(5). Does 13 divide x*(-1 + -21 + 0)?
False
Let q = -45 - -78. Is q a multiple of 15?
False
Suppose 18 = 2*s - 150. Is s a multiple of 21?
True
Suppose 3*c - c = 316. Is 13 a factor of c/(-5)*65/(-26)?
False
Suppose 0*a - 11 = -a. Suppose -5 = -v + a. Is 22 a factor of (v/12)/(1/39)?
False
Let j(m) = 3*m**2 - 10*m + 8. Let r be j(6). Suppose -32 = -k - 3*z, -k = k + 4*z - r. Suppose -5*v + 20 = 3*b + b, 0 = 4*b + 4*v - k. Is 5 a factor of b?
True
Let y(v) = -21*v**2 - 1. Let u be y(2). Let i = u - -126. Does 17 divide i?
False
Let f = 4 + 11. Let j be 9*(-1 - f/(-9)). Is 28/5 - j/(-15) a multiple of 6?
True
Let c(u) = -u**3 - u**2 - 2*u. Let w be c(-4). Suppose 0 = 3*r - 7*r + w. Let n = -8 + r. Is n a multiple of 4?
False
Let z(x) = -2*x**3 - 4*x**2 - 2. Is 14 a factor of z(-3)?
False
Let q(p) = p**2 - 6*p + 21. Does 11 divide q(6)?
False
Suppose -4*b + 95 = b. Let q = 2 + b. Is q a multiple of 21?
True
Is (8/7)/(18/63) a multiple of 2?
True
Let y be (-1)/3*(1 + -7). Suppose 4*r + h + 3*h = 68, -y*r = 5*h - 31. Does 9 divide r?
True
Suppose 108 = 59*s - 53*s. Does 9 divide s?
True
Let x(t) be the third derivative of -11/6*t**3 + 0 - 1/6*t**4 + t**2 - 1/120*t**6 + 3/20*t**5 + 0*t. Is x(8) a multiple of 7?
True
Let u(j) = j + 8. Let l be u(-6). Let b(f) = 0*f**3 - 2*f**3 + f**3 - f**l. Is 11 a factor of b(-3)?
False
Let r(z) = -51*z + 1. Suppose 4*f + t + 13 = -6, 3 = -3*f - 3*t. Let o = f - -5. Is 25 a factor of r(o)?
False
Suppose 9*o = 7*o + 100. Does 15 divide o?
False
Let u(n) = 2*n - 29. Does 7 divide u(18)?
True
Is 86 + ((-5)/(-10))/(3/(-12)) a multiple of 14?
True
Suppose 0 = 4*o - 22 - 2. Let z(a) = 3*a**2 - 3*a + 5. Let r(s) = -s**2 - s + 1. Let j(l) = 2*r(l) + z(l). Is 13 a factor of j(o)?
True
Let r(n) = 7*n - 15. Is r(8) a multiple of 28?
False
Is (2 - -1)/(2/144) a multiple of 13?
False
Suppose 3*i - 18 = -0*i + q, 0 = i - 3*q - 14. Suppose -12 = i*u - 4*a - 35, -u + 22 = 5*a. Is u a multiple of 7?
True
Let q(g) = g**3 + 3*g + 6*g**2 + 8 + 4*g**2 - 4*g**2. Let a be q(-6). Does 16 divide 4*(-6)/15*a?
True
Let b(j) = 8*j + 0 - 2 + 5*j**2 - 4. Let m be b(5). Suppose -4*f + 3*s + m = f, 41 = f + 4*s. Is 13 a factor of f?
False
Suppose 4*u - 64 - 32 = 0. Does 24 divide u?
True
Let a = -610 + 874. Is 11 a factor of a?
True
Suppose 880 = 16*n - 6*n. Does 22 divide n?
True
Let p(r) = r**3 + 6*r**2 - 7*r + 7. Let b be p(-7). Suppose -46 = -4*i - 3*v + b, 3*v = 3*i - 66. Does 11 divide i?
False
Let z be ((-4)/(-7))/(2/7). Is z/(-5)*1*-45 a multiple of 9?
True
Let k be ((-30)/12)/((-2)/76). Let g be 1/(-3) + k/15. Suppose 0 = g*i - 2*i - 12. Does 3 divide i?
True
Let k be 2/(1*(-3)/(-9)). Let o be -3*(1 - k/3). Suppose o*s = 15 + 72. Is 11 a factor of s?
False
Let y = 29 - -2. Is y a multiple of 17?
False
Let y = 70 + -44. Does 2 divide y?
True
Suppose -5*k - 185 = -5*t, -4*t = 4*k - 3*k - 143. Suppose -t = 5*p - 106. Is 7 a factor of p?
True
Let q(f) = -f + 5. Let s be (-39)/(-13) - 8*1. Is q(s) a multiple of 5?
True
Suppose 2*l + 6 = 0, -p - 4*l = 1 + 9. Suppose -7 + 1 = -p*c. Suppose 4*h + 24 = c*x + x, 0 = 4*x + h - 44. Is 10 a factor of x?
True
Suppose -l - 2*r - r = -5, -2*r = -4*l + 6. Suppose -l*j - 5 + 27 = 0. Is 11 a factor of j?
True
Let q be (-3 - -2)/(0 + 1). Let k = -20 - q. Is 0 - (-1 + 2) - k a multiple of 9?
True
Let p(s) = 0*s**2 + 3 + 4*s**2 - 5 - 2*s. Is p(2) a multiple of 8?
False
Let u be (-9)/(-2) - 3/(-6). Suppose u*i - 175 = -0*i. Does 12 divide i?
False
Let h(p) = p - 4. Let c be h(-4). Let s(j) = -j**3 - 7*j**2 + 9*j + 9. Let o be s(c). Is (o/2)/(2/140) a multiple of 15?
False
Suppose v = 5*r - 44 + 118, -4*r + v = 60. Let n = r + 26. Let i = 21 - n. Is 9 a factor of i?
True
Let a = 9 - 4. Let o(q) = -q**3 + 5*q**2 + 2*q - 1. Does 5 divide o(a)?
False
Let q be 328/15 + (-10)/(-75). Suppose 4*y - 90 = q. Is 15 a factor of y?
False
Let o = 991 - 543. Suppose 0 = j + y - 113, 3*j + j + 3*y = o. Is 38 a factor of j?
False
Suppose 3*f = 5*v + 262, 0 = -2*f + 5*v + 242 - 69. Does 21 divide f?
False
Suppose t - 5*v - 46 = -11, -v = -5*t + 223. Is t a multiple of 15?
True
Let n be 104/12 - 2/3. Suppose 9*p - 44 = n*p. Does 22 divide p?
True
Let x(z) = -z**2 - 10*z - 7. Let u = 12 + -10. Suppose -2 = u*k + 12. Is x(k) a multiple of 7?
True
Suppose -1776 = 4*y - 16*y. Is y a multiple of 37?
True
Suppose -2*k + 4 = -0, -2*k + 1390 = 3*p. Does 33 divide p?
True
Let t(b) = b**3 + 6*b**2 - 2*b - 3. Let n be t(-6). Let i = n - 6. Suppose v + i = 16. Does 5 divide v?
False
Suppose g - 2*l = 16, -5*l + 37 = g - 0*l. Is g a multiple of 9?
False
Suppose -4*m + 135 = -229. Does 24 divide m?
False
Let j(p) be the third derivative of -p**4/4 + p**3/3 + p**2. Let a(g) = g - 3. Let d be a(0). Does 10 divide j(d)?
True
Let r be 4/(-6) - 618/18. Is 14 a factor of (r/(-28))/((-2)/(-40))?
False
Suppose -5*x + 100 = 5*q, 1 = -4*x + 3*q + 88. Is x a multiple of 7?
True
Does 5 divide 790/30 + (-4)/(-6) + -1?
False
Let w(g) = -g**3 + 11*g**2 + 18*g - 16. Does 14 divide w(12)?
True
Does 16 divide 2/(-4)*13/((-39)/198)?
False
Let h = -306 + 576. Suppose 5*o = -0*o + h. Let s = -38 + o. Is s a multiple of 8?
True
Is 5 a factor of (3 + -6 - 2)/((-2)/30)?
True
Let w = -67 + 128. Let v = w - 33. Suppose 0 = -4*h - 3*r + 6*r + 62, 3*r + v = 2*h. Is 9 a factor of h?
False
Let s(f) = f**3 - 2*f. Let y be s(2). Suppose -x = 4*u + 11, 4*x = -4*u - u. Suppose x*k = -2*i - 2 + 8, y*k = -i + 6. Is 2 a factor of k?
True
Let j be (-2 + 1)*(3 + -7). Suppose 2*a - 52 = j*v, v + 85 = a + 4*a. Is 9 a factor of a?
False
Let i(b) = -2*b - 9. Let p be i(-7). Suppose 10 + 2 = 3*j. Suppose -j*q - p = -69. Does 8 divide q?
True
Let s(l) = 2*l + 5. Suppose -2*y - 4 = r,